{"id":88187,"date":"2026-04-17T10:38:39","date_gmt":"2026-04-17T10:38:39","guid":{"rendered":""},"modified":"2026-04-17T10:38:39","modified_gmt":"2026-04-17T10:38:39","slug":"schnappchen-gedore-blau-k-19-11-16af-kraftschraubereinsatz-1-2-quot-6-kant-11-16-quot-88187","status":"publish","type":"product","link":"https:\/\/www.baunor.com\/index.php\/produkt\/schnappchen-gedore-blau-k-19-11-16af-kraftschraubereinsatz-1-2-quot-6-kant-11-16-quot-88187\/","title":{"rendered":"Schn\u00e4ppchen Gedore Blau K 19 11\/16AF Kraftschraubereinsatz 1\/2&quot; 6-kant 11\/16&quot;"},"content":{"rendered":"<h2 class=\"product-detail-description-title fs-4 mb-0\">        Gedore Blau K 19 11\/16AF Kraftschraubereinsatz 1\/2&quot; 6-kant 11\/16&quot;    <\/h2>\n<div class=\"product-detail-description-text\"         itemprop=\"description\">\n<div class=\"product--description\">\n<div class=\"product-information-name product-information-name-big\">Produktmerkmale<\/div>\n<div class=\"product-information-name\">Gewicht<\/div>\n<div class=\"product-information-value\">0,121 kg<\/div>\n<div class=\"product-information-name\">Setinhalt<\/div>\n<div class=\"product-information-value\">1 tlg.<\/div>\n<div class=\"product-information-name product-information-name-big\">Abmessungen<\/div>\n<div class=\"product-information-name\">Schl\u00fcsselweite in Zoll<\/div>\n<div class=\"product-information-value\">11\/16&#8243;<\/div>\n<div class=\"product-information-name\">Gesamtl\u00e4nge<\/div>\n<div class=\"product-information-value\">38 mm<\/div>\n<div class=\"product-information-name\">Einsatz-Durchmesser 1<\/div>\n<div class=\"product-information-value\">25 mm<\/div>\n<div class=\"product-information-name\">Einsatz-Durchmesser 2<\/div>\n<div class=\"product-information-value\">25 mm<\/div>\n<div class=\"product-information-name\">Einsatzl\u00e4nge<\/div>\n<div class=\"product-information-value\">38 mm<\/div>\n<div class=\"product-information-name product-information-name-big\">Material und Farbe<\/div>\n<div class=\"product-information-name\">Oberfl\u00e4che<\/div>\n<div class=\"product-information-value\">br\u00fcniert<\/div>\n<div class=\"product-information-name product-information-name-big\">Antrieb und Aufnahme<\/div>\n<div class=\"product-information-name\">Antriebsaufnahme Vierkant<\/div>\n<div class=\"product-information-value\">12,5 mm<\/div>\n<div class=\"product-information-name\">Antriebsaufnahme Vierkant (Zoll)<\/div>\n<div class=\"product-information-value\">1\/2&#8243;<\/div>\n<div class=\"product-information-name product-information-name-big\">Normen und Standards<\/div>\n<div class=\"product-information-name\">VDE gepr\u00fcft<\/div>\n<div class=\"product-information-value\">nein<\/div>\n<div class=\"product-information-name product-information-name-big\">Eigenschaften<\/div>\n<div class=\"product-information-name\">Bet\u00e4tigungsart<\/div>\n<div class=\"product-information-value\">maschinenbet\u00e4tigt<\/div>\n<div class=\"product-information-name\">Sicherung<\/div>\n<div class=\"product-information-value\">Sicherungsring und -stift<\/div>\n<div class=\"product-information-name product-information-name-big\">Merkmale<\/div>\n<div class=\"product-information-value product-information-value-big\">\n<ul>\n<li>Maschinenbet\u00e4tigt, passend f\u00fcr alle g\u00e4ngigen Druckluft- und Elektroschrauber<\/li>\n<li>Mit Innenvierkantantrieb nach DIN 3121 &#8211; G 12,5, ISO 1174<\/li>\n<li>Stahl, br\u00fcniert<\/li>\n<\/ul>\n<\/div><\/div>\n<\/p><\/div>\n<\/p><\/div>\n<\/p><\/div>\n<\/p><\/div>\n","protected":false},"excerpt":{"rendered":"<p>Gedore Blau K 19 11\/16AF Kraftschraubereinsatz 1\/2&quot; 6-kant 11\/16&quot; Produktmerkmale Gewicht 0,121 kg Setinhalt 1 tlg. Abmessungen Schl\u00fcsselweite in Zoll 11\/16&#8243; Gesamtl\u00e4nge 38 mm Einsatz-Durchmesser 1 25 mm Einsatz-Durchmesser 2 25 mm Einsatzl\u00e4nge 38 mm Material und Farbe Oberfl\u00e4che br\u00fcniert Antrieb und Aufnahme Antriebsaufnahme Vierkant 12,5 mm Antriebsaufnahme Vierkant (Zoll) 1\/2&#8243; Normen und Standards VDE [&hellip;]<\/p>\n","protected":false},"featured_media":88287,"template":"","meta":[],"product_brand":[],"product_cat":[79],"product_tag":[],"class_list":{"0":"post-88187","1":"product","2":"type-product","3":"status-publish","4":"has-post-thumbnail","6":"product_cat-werkstatt","8":"first","9":"instock","10":"sale","11":"shipping-taxable","12":"purchasable","13":"product-type-simple"},"yoast_head":"<!-- This site is optimized with the Yoast SEO plugin v27.3 - https:\/\/yoast.com\/product\/yoast-seo-wordpress\/ -->\n<title>Schn\u00e4ppchen Gedore Blau K 19 11\/16AF Kraftschraubereinsatz 1\/2&quot; 6-kant 11\/16&quot; -<\/title>\n<meta name=\"robots\" content=\"index, follow, max-snippet:-1, max-image-preview:large, max-video-preview:-1\" \/>\n<link rel=\"canonical\" href=\"https:\/\/www.baunor.com\/index.php\/produkt\/schnappchen-gedore-blau-k-19-11-16af-kraftschraubereinsatz-1-2-quot-6-kant-11-16-quot-88187\/\" \/>\n<meta property=\"og:locale\" content=\"de_DE\" \/>\n<meta property=\"og:type\" content=\"article\" \/>\n<meta property=\"og:title\" content=\"Schn\u00e4ppchen Gedore Blau K 19 11\/16AF Kraftschraubereinsatz 1\/2&quot; 6-kant 11\/16&quot; -\" \/>\n<meta property=\"og:description\" content=\"Gedore Blau K 19 11\/16AF Kraftschraubereinsatz 1\/2&quot; 6-kant 11\/16&quot; Produktmerkmale Gewicht 0,121 kg Setinhalt 1 tlg. Abmessungen Schl\u00fcsselweite in Zoll 11\/16&#8243; Gesamtl\u00e4nge 38 mm Einsatz-Durchmesser 1 25 mm Einsatz-Durchmesser 2 25 mm Einsatzl\u00e4nge 38 mm Material und Farbe Oberfl\u00e4che br\u00fcniert Antrieb und Aufnahme Antriebsaufnahme Vierkant 12,5 mm Antriebsaufnahme Vierkant (Zoll) 1\/2&#8243; Normen und Standards VDE [&hellip;]\" \/>\n<meta property=\"og:url\" content=\"https:\/\/www.baunor.com\/index.php\/produkt\/schnappchen-gedore-blau-k-19-11-16af-kraftschraubereinsatz-1-2-quot-6-kant-11-16-quot-88187\/\" \/>\n<meta property=\"og:image\" content=\"https:\/\/www.baunor.com\/wp-content\/uploads\/2026\/SK0025422-DE20260408-083406-0-1775608450-gedore_2024_freisteller_pic_ps_6160280_1.webp\" \/>\n\t<meta property=\"og:image:width\" content=\"686\" \/>\n\t<meta property=\"og:image:height\" content=\"510\" \/>\n\t<meta property=\"og:image:type\" content=\"image\/webp\" \/>\n<meta name=\"twitter:card\" content=\"summary_large_image\" \/>\n<script type=\"application\/ld+json\" class=\"yoast-schema-graph\">{\"@context\":\"https:\\\/\\\/schema.org\",\"@graph\":[{\"@type\":\"WebPage\",\"@id\":\"https:\\\/\\\/www.baunor.com\\\/index.php\\\/produkt\\\/schnappchen-gedore-blau-k-19-11-16af-kraftschraubereinsatz-1-2-quot-6-kant-11-16-quot-88187\\\/\",\"url\":\"https:\\\/\\\/www.baunor.com\\\/index.php\\\/produkt\\\/schnappchen-gedore-blau-k-19-11-16af-kraftschraubereinsatz-1-2-quot-6-kant-11-16-quot-88187\\\/\",\"name\":\"Schn\u00e4ppchen Gedore Blau K 19 11\\\/16AF Kraftschraubereinsatz 1\\\/2&quot; 6-kant 11\\\/16&quot; -\",\"isPartOf\":{\"@id\":\"https:\\\/\\\/www.baunor.com\\\/#website\"},\"primaryImageOfPage\":{\"@id\":\"https:\\\/\\\/www.baunor.com\\\/index.php\\\/produkt\\\/schnappchen-gedore-blau-k-19-11-16af-kraftschraubereinsatz-1-2-quot-6-kant-11-16-quot-88187\\\/#primaryimage\"},\"image\":{\"@id\":\"https:\\\/\\\/www.baunor.com\\\/index.php\\\/produkt\\\/schnappchen-gedore-blau-k-19-11-16af-kraftschraubereinsatz-1-2-quot-6-kant-11-16-quot-88187\\\/#primaryimage\"},\"thumbnailUrl\":\"https:\\\/\\\/www.baunor.com\\\/wp-content\\\/uploads\\\/2026\\\/SK0025422-DE20260408-083406-0-1775608450-gedore_2024_freisteller_pic_ps_6160280_1.webp\",\"datePublished\":\"2026-04-17T10:38:39+00:00\",\"breadcrumb\":{\"@id\":\"https:\\\/\\\/www.baunor.com\\\/index.php\\\/produkt\\\/schnappchen-gedore-blau-k-19-11-16af-kraftschraubereinsatz-1-2-quot-6-kant-11-16-quot-88187\\\/#breadcrumb\"},\"inLanguage\":\"de\",\"potentialAction\":[{\"@type\":\"ReadAction\",\"target\":[\"https:\\\/\\\/www.baunor.com\\\/index.php\\\/produkt\\\/schnappchen-gedore-blau-k-19-11-16af-kraftschraubereinsatz-1-2-quot-6-kant-11-16-quot-88187\\\/\"]}]},{\"@type\":\"ImageObject\",\"inLanguage\":\"de\",\"@id\":\"https:\\\/\\\/www.baunor.com\\\/index.php\\\/produkt\\\/schnappchen-gedore-blau-k-19-11-16af-kraftschraubereinsatz-1-2-quot-6-kant-11-16-quot-88187\\\/#primaryimage\",\"url\":\"https:\\\/\\\/www.baunor.com\\\/wp-content\\\/uploads\\\/2026\\\/SK0025422-DE20260408-083406-0-1775608450-gedore_2024_freisteller_pic_ps_6160280_1.webp\",\"contentUrl\":\"https:\\\/\\\/www.baunor.com\\\/wp-content\\\/uploads\\\/2026\\\/SK0025422-DE20260408-083406-0-1775608450-gedore_2024_freisteller_pic_ps_6160280_1.webp\",\"width\":686,\"height\":510},{\"@type\":\"BreadcrumbList\",\"@id\":\"https:\\\/\\\/www.baunor.com\\\/index.php\\\/produkt\\\/schnappchen-gedore-blau-k-19-11-16af-kraftschraubereinsatz-1-2-quot-6-kant-11-16-quot-88187\\\/#breadcrumb\",\"itemListElement\":[{\"@type\":\"ListItem\",\"position\":1,\"name\":\"Home\",\"item\":\"https:\\\/\\\/www.baunor.com\\\/\"},{\"@type\":\"ListItem\",\"position\":2,\"name\":\"Take Your Adventure To The Next Level\",\"item\":\"https:\\\/\\\/www.baunor.com\\\/index.php\\\/shop-2\\\/\"},{\"@type\":\"ListItem\",\"position\":3,\"name\":\"Schn\u00e4ppchen Gedore Blau K 19 11\\\/16AF Kraftschraubereinsatz 1\\\/2&quot; 6-kant 11\\\/16&quot;\"}]},{\"@type\":\"WebSite\",\"@id\":\"https:\\\/\\\/www.baunor.com\\\/#website\",\"url\":\"https:\\\/\\\/www.baunor.com\\\/\",\"name\":\"\",\"description\":\"\",\"potentialAction\":[{\"@type\":\"SearchAction\",\"target\":{\"@type\":\"EntryPoint\",\"urlTemplate\":\"https:\\\/\\\/www.baunor.com\\\/?s={search_term_string}\"},\"query-input\":{\"@type\":\"PropertyValueSpecification\",\"valueRequired\":true,\"valueName\":\"search_term_string\"}}],\"inLanguage\":\"de\"}]}<\/script>\n<!-- \/ Yoast SEO plugin. -->","yoast_head_json":{"title":"Schn\u00e4ppchen Gedore Blau K 19 11\/16AF Kraftschraubereinsatz 1\/2&quot; 6-kant 11\/16&quot; -","robots":{"index":"index","follow":"follow","max-snippet":"max-snippet:-1","max-image-preview":"max-image-preview:large","max-video-preview":"max-video-preview:-1"},"canonical":"https:\/\/www.baunor.com\/index.php\/produkt\/schnappchen-gedore-blau-k-19-11-16af-kraftschraubereinsatz-1-2-quot-6-kant-11-16-quot-88187\/","og_locale":"de_DE","og_type":"article","og_title":"Schn\u00e4ppchen Gedore Blau K 19 11\/16AF Kraftschraubereinsatz 1\/2&quot; 6-kant 11\/16&quot; -","og_description":"Gedore Blau K 19 11\/16AF Kraftschraubereinsatz 1\/2&quot; 6-kant 11\/16&quot; Produktmerkmale Gewicht 0,121 kg Setinhalt 1 tlg. Abmessungen Schl\u00fcsselweite in Zoll 11\/16&#8243; Gesamtl\u00e4nge 38 mm Einsatz-Durchmesser 1 25 mm Einsatz-Durchmesser 2 25 mm Einsatzl\u00e4nge 38 mm Material und Farbe Oberfl\u00e4che br\u00fcniert Antrieb und Aufnahme Antriebsaufnahme Vierkant 12,5 mm Antriebsaufnahme Vierkant (Zoll) 1\/2&#8243; Normen und Standards VDE [&hellip;]","og_url":"https:\/\/www.baunor.com\/index.php\/produkt\/schnappchen-gedore-blau-k-19-11-16af-kraftschraubereinsatz-1-2-quot-6-kant-11-16-quot-88187\/","og_image":[{"width":686,"height":510,"url":"https:\/\/www.baunor.com\/wp-content\/uploads\/2026\/SK0025422-DE20260408-083406-0-1775608450-gedore_2024_freisteller_pic_ps_6160280_1.webp","type":"image\/webp"}],"twitter_card":"summary_large_image","schema":{"@context":"https:\/\/schema.org","@graph":[{"@type":"WebPage","@id":"https:\/\/www.baunor.com\/index.php\/produkt\/schnappchen-gedore-blau-k-19-11-16af-kraftschraubereinsatz-1-2-quot-6-kant-11-16-quot-88187\/","url":"https:\/\/www.baunor.com\/index.php\/produkt\/schnappchen-gedore-blau-k-19-11-16af-kraftschraubereinsatz-1-2-quot-6-kant-11-16-quot-88187\/","name":"Schn\u00e4ppchen Gedore Blau K 19 11\/16AF Kraftschraubereinsatz 1\/2&quot; 6-kant 11\/16&quot; -","isPartOf":{"@id":"https:\/\/www.baunor.com\/#website"},"primaryImageOfPage":{"@id":"https:\/\/www.baunor.com\/index.php\/produkt\/schnappchen-gedore-blau-k-19-11-16af-kraftschraubereinsatz-1-2-quot-6-kant-11-16-quot-88187\/#primaryimage"},"image":{"@id":"https:\/\/www.baunor.com\/index.php\/produkt\/schnappchen-gedore-blau-k-19-11-16af-kraftschraubereinsatz-1-2-quot-6-kant-11-16-quot-88187\/#primaryimage"},"thumbnailUrl":"https:\/\/www.baunor.com\/wp-content\/uploads\/2026\/SK0025422-DE20260408-083406-0-1775608450-gedore_2024_freisteller_pic_ps_6160280_1.webp","datePublished":"2026-04-17T10:38:39+00:00","breadcrumb":{"@id":"https:\/\/www.baunor.com\/index.php\/produkt\/schnappchen-gedore-blau-k-19-11-16af-kraftschraubereinsatz-1-2-quot-6-kant-11-16-quot-88187\/#breadcrumb"},"inLanguage":"de","potentialAction":[{"@type":"ReadAction","target":["https:\/\/www.baunor.com\/index.php\/produkt\/schnappchen-gedore-blau-k-19-11-16af-kraftschraubereinsatz-1-2-quot-6-kant-11-16-quot-88187\/"]}]},{"@type":"ImageObject","inLanguage":"de","@id":"https:\/\/www.baunor.com\/index.php\/produkt\/schnappchen-gedore-blau-k-19-11-16af-kraftschraubereinsatz-1-2-quot-6-kant-11-16-quot-88187\/#primaryimage","url":"https:\/\/www.baunor.com\/wp-content\/uploads\/2026\/SK0025422-DE20260408-083406-0-1775608450-gedore_2024_freisteller_pic_ps_6160280_1.webp","contentUrl":"https:\/\/www.baunor.com\/wp-content\/uploads\/2026\/SK0025422-DE20260408-083406-0-1775608450-gedore_2024_freisteller_pic_ps_6160280_1.webp","width":686,"height":510},{"@type":"BreadcrumbList","@id":"https:\/\/www.baunor.com\/index.php\/produkt\/schnappchen-gedore-blau-k-19-11-16af-kraftschraubereinsatz-1-2-quot-6-kant-11-16-quot-88187\/#breadcrumb","itemListElement":[{"@type":"ListItem","position":1,"name":"Home","item":"https:\/\/www.baunor.com\/"},{"@type":"ListItem","position":2,"name":"Take Your Adventure To The Next Level","item":"https:\/\/www.baunor.com\/index.php\/shop-2\/"},{"@type":"ListItem","position":3,"name":"Schn\u00e4ppchen Gedore Blau K 19 11\/16AF Kraftschraubereinsatz 1\/2&quot; 6-kant 11\/16&quot;"}]},{"@type":"WebSite","@id":"https:\/\/www.baunor.com\/#website","url":"https:\/\/www.baunor.com\/","name":"","description":"","potentialAction":[{"@type":"SearchAction","target":{"@type":"EntryPoint","urlTemplate":"https:\/\/www.baunor.com\/?s={search_term_string}"},"query-input":{"@type":"PropertyValueSpecification","valueRequired":true,"valueName":"search_term_string"}}],"inLanguage":"de"}]}},"_links":{"self":[{"href":"https:\/\/www.baunor.com\/index.php\/wp-json\/wp\/v2\/product\/88187","targetHints":{"allow":["GET"]}}],"collection":[{"href":"https:\/\/www.baunor.com\/index.php\/wp-json\/wp\/v2\/product"}],"about":[{"href":"https:\/\/www.baunor.com\/index.php\/wp-json\/wp\/v2\/types\/product"}],"wp:featuredmedia":[{"embeddable":true,"href":"https:\/\/www.baunor.com\/index.php\/wp-json\/wp\/v2\/media\/88287"}],"wp:attachment":[{"href":"https:\/\/www.baunor.com\/index.php\/wp-json\/wp\/v2\/media?parent=88187"}],"wp:term":[{"taxonomy":"product_brand","embeddable":true,"href":"https:\/\/www.baunor.com\/index.php\/wp-json\/wp\/v2\/product_brand?post=88187"},{"taxonomy":"product_cat","embeddable":true,"href":"https:\/\/www.baunor.com\/index.php\/wp-json\/wp\/v2\/product_cat?post=88187"},{"taxonomy":"product_tag","embeddable":true,"href":"https:\/\/www.baunor.com\/index.php\/wp-json\/wp\/v2\/product_tag?post=88187"}],"curies":[{"name":"wp","href":"https:\/\/api.w.org\/{rel}","templated":true}]}}